{"id":228408,"date":"2018-05-12T06:29:59","date_gmt":"2018-05-12T04:29:59","guid":{"rendered":"https:\/\/stsg.fr\/noticias\/"},"modified":"2023-04-12T14:26:14","modified_gmt":"2023-04-12T12:26:14","slug":"noticias","status":"publish","type":"page","link":"https:\/\/stsg.fr\/es\/noticias\/","title":{"rendered":"Noticia"},"content":{"rendered":"\t\t<div data-elementor-type=\"wp-page\" data-elementor-id=\"228408\" class=\"elementor elementor-228408 elementor-1047\" data-elementor-post-type=\"page\">\n\t\t\t\t\t\t<section class=\"elementor-section elementor-top-section elementor-element elementor-element-7727cbc elementor-section-boxed elementor-section-height-default elementor-section-height-default\" data-id=\"7727cbc\" data-element_type=\"section\" data-e-type=\"section\">\n\t\t\t\t\t\t<div class=\"elementor-container elementor-column-gap-default\">\n\t\t\t\t\t<div class=\"elementor-column elementor-col-100 elementor-top-column elementor-element elementor-element-7cd1662\" data-id=\"7cd1662\" data-element_type=\"column\" data-e-type=\"column\">\n\t\t\t<div class=\"elementor-widget-wrap elementor-element-populated\">\n\t\t\t\t\t\t<div class=\"elementor-element elementor-element-43d9488 elementor-grid-3 elementor-grid-tablet-2 elementor-grid-mobile-1 elementor-posts--thumbnail-top elementor-widget elementor-widget-posts\" data-id=\"43d9488\" data-element_type=\"widget\" data-e-type=\"widget\" data-settings=\"{&quot;pagination_type&quot;:&quot;numbers&quot;,&quot;classic_columns&quot;:&quot;3&quot;,&quot;classic_columns_tablet&quot;:&quot;2&quot;,&quot;classic_columns_mobile&quot;:&quot;1&quot;,&quot;classic_row_gap&quot;:{&quot;unit&quot;:&quot;px&quot;,&quot;size&quot;:35,&quot;sizes&quot;:[]},&quot;classic_row_gap_tablet&quot;:{&quot;unit&quot;:&quot;px&quot;,&quot;size&quot;:&quot;&quot;,&quot;sizes&quot;:[]},&quot;classic_row_gap_mobile&quot;:{&quot;unit&quot;:&quot;px&quot;,&quot;size&quot;:&quot;&quot;,&quot;sizes&quot;:[]}}\" data-widget_type=\"posts.classic\">\n\t\t\t\t<div class=\"elementor-widget-container\">\n\t\t\t\t\t\t\t<div class=\"elementor-posts-container elementor-posts elementor-posts--skin-classic elementor-grid\" role=\"list\">\n\t\t\t\t<article class=\"elementor-post elementor-grid-item post-228297 post type-post status-publish format-standard has-post-thumbnail hentry category-noticias\" role=\"listitem\">\n\t\t\t\t<a class=\"elementor-post__thumbnail__link\" href=\"https:\/\/stsg.fr\/es\/pequenos-cantantes-en-la-cruz-de-madera-excepcional\/\" tabindex=\"-1\" >\n\t\t\t<div class=\"elementor-post__thumbnail\"><img fetchpriority=\"high\" decoding=\"async\" width=\"212\" height=\"300\" src=\"https:\/\/stsg.fr\/wp-content\/uploads\/2022\/11\/PCCB-Communication-familles_page-0001-212x300.jpg\" class=\"attachment-medium size-medium wp-image-227539\" alt=\"\" srcset=\"https:\/\/stsg.fr\/wp-content\/uploads\/2022\/11\/PCCB-Communication-familles_page-0001-212x300.jpg 212w, https:\/\/stsg.fr\/wp-content\/uploads\/2022\/11\/PCCB-Communication-familles_page-0001-724x1024.jpg 724w, https:\/\/stsg.fr\/wp-content\/uploads\/2022\/11\/PCCB-Communication-familles_page-0001-768x1086.jpg 768w, https:\/\/stsg.fr\/wp-content\/uploads\/2022\/11\/PCCB-Communication-familles_page-0001-1086x1536.jpg 1086w, https:\/\/stsg.fr\/wp-content\/uploads\/2022\/11\/PCCB-Communication-familles_page-0001.jpg 1241w\" sizes=\"(max-width: 212px) 100vw, 212px\" \/><\/div>\n\t\t<\/a>\n\t\t\t\t<div class=\"elementor-post__text\">\n\t\t\t\t<h3 class=\"elementor-post__title\">\n\t\t\t<a href=\"https:\/\/stsg.fr\/es\/pequenos-cantantes-en-la-cruz-de-madera-excepcional\/\" >\n\t\t\t\t\u00a1Peque\u00f1os cantantes en la cruz de madera! \u00a1Excepcional!\t\t\t<\/a>\n\t\t<\/h3>\n\t\t\t\t<div class=\"elementor-post__meta-data\">\n\t\t\t\t\t<span class=\"elementor-post-date\">\n\t\t\t29 noviembre 2022\t\t<\/span>\n\t\t\t\t<\/div>\n\t\t\t\t<div class=\"elementor-post__excerpt\">\n\t\t\t\t\t<\/div>\n\t\t\n\t\t<a class=\"elementor-post__read-more\" href=\"https:\/\/stsg.fr\/es\/pequenos-cantantes-en-la-cruz-de-madera-excepcional\/\" aria-label=\"M\u00e1s informaci\u00f3n sobre \u00a1Peque\u00f1os cantantes en la cruz de madera! \u00a1Excepcional!\" tabindex=\"-1\" >\n\t\t\tLeer mas \u00bb\t\t<\/a>\n\n\t\t\t\t<\/div>\n\t\t\t\t<\/article>\n\t\t\t\t<article class=\"elementor-post elementor-grid-item post-228294 post type-post status-publish format-standard has-post-thumbnail hentry category-noticias\" role=\"listitem\">\n\t\t\t\t<a class=\"elementor-post__thumbnail__link\" href=\"https:\/\/stsg.fr\/es\/primer-entrenamiento-de-la-asociacion-deportiva\/\" tabindex=\"-1\" >\n\t\t\t<div class=\"elementor-post__thumbnail\"><img decoding=\"async\" width=\"300\" height=\"225\" src=\"https:\/\/stsg.fr\/wp-content\/uploads\/2022\/09\/IMG_1885-300x225.jpg\" class=\"attachment-medium size-medium wp-image-227521\" alt=\"\" srcset=\"https:\/\/stsg.fr\/wp-content\/uploads\/2022\/09\/IMG_1885-300x225.jpg 300w, https:\/\/stsg.fr\/wp-content\/uploads\/2022\/09\/IMG_1885-1024x768.jpg 1024w, https:\/\/stsg.fr\/wp-content\/uploads\/2022\/09\/IMG_1885-768x576.jpg 768w, https:\/\/stsg.fr\/wp-content\/uploads\/2022\/09\/IMG_1885-1536x1152.jpg 1536w, https:\/\/stsg.fr\/wp-content\/uploads\/2022\/09\/IMG_1885-2048x1536.jpg 2048w, https:\/\/stsg.fr\/wp-content\/uploads\/2022\/09\/IMG_1885-154x116.jpg 154w, https:\/\/stsg.fr\/wp-content\/uploads\/2022\/09\/IMG_1885-360x270.jpg 360w\" sizes=\"(max-width: 300px) 100vw, 300px\" \/><\/div>\n\t\t<\/a>\n\t\t\t\t<div class=\"elementor-post__text\">\n\t\t\t\t<h3 class=\"elementor-post__title\">\n\t\t\t<a href=\"https:\/\/stsg.fr\/es\/primer-entrenamiento-de-la-asociacion-deportiva\/\" >\n\t\t\t\tPrimer entrenamiento de la asociaci\u00f3n deportiva\t\t\t<\/a>\n\t\t<\/h3>\n\t\t\t\t<div class=\"elementor-post__meta-data\">\n\t\t\t\t\t<span class=\"elementor-post-date\">\n\t\t\t15 septiembre 2022\t\t<\/span>\n\t\t\t\t<\/div>\n\t\t\t\t<div class=\"elementor-post__excerpt\">\n\t\t\t<p>Primer entrenamiento de los alumnos en la asociaci\u00f3n deportiva que comienza este mi\u00e9rcoles 14 de septiembre. Felicitaciones por su compromiso y esperamos verlos m\u00e1s numerosos el pr\u00f3ximo mi\u00e9rcoles<\/p>\n\t\t<\/div>\n\t\t\n\t\t<a class=\"elementor-post__read-more\" href=\"https:\/\/stsg.fr\/es\/primer-entrenamiento-de-la-asociacion-deportiva\/\" aria-label=\"M\u00e1s informaci\u00f3n sobre Primer entrenamiento de la asociaci\u00f3n deportiva\" tabindex=\"-1\" >\n\t\t\tLeer mas \u00bb\t\t<\/a>\n\n\t\t\t\t<\/div>\n\t\t\t\t<\/article>\n\t\t\t\t<article class=\"elementor-post elementor-grid-item post-228295 post type-post status-publish format-standard has-post-thumbnail hentry category-noticias\" role=\"listitem\">\n\t\t\t\t<a class=\"elementor-post__thumbnail__link\" href=\"https:\/\/stsg.fr\/es\/segundo-y-tercero-de-primaria-en-sede-para-una-jornada-deportiva\/\" tabindex=\"-1\" >\n\t\t\t<div class=\"elementor-post__thumbnail\"><img decoding=\"async\" width=\"225\" height=\"300\" src=\"https:\/\/stsg.fr\/wp-content\/uploads\/2022\/07\/5-225x300.jpg\" class=\"attachment-medium size-medium wp-image-227475\" alt=\"\" srcset=\"https:\/\/stsg.fr\/wp-content\/uploads\/2022\/07\/5-225x300.jpg 225w, https:\/\/stsg.fr\/wp-content\/uploads\/2022\/07\/5.jpg 480w\" sizes=\"(max-width: 225px) 100vw, 225px\" \/><\/div>\n\t\t<\/a>\n\t\t\t\t<div class=\"elementor-post__text\">\n\t\t\t\t<h3 class=\"elementor-post__title\">\n\t\t\t<a href=\"https:\/\/stsg.fr\/es\/segundo-y-tercero-de-primaria-en-sede-para-una-jornada-deportiva\/\" >\n\t\t\t\t\u00a1Segundo y tercero de primaria en S\u00e8de para una jornada deportiva!\t\t\t<\/a>\n\t\t<\/h3>\n\t\t\t\t<div class=\"elementor-post__meta-data\">\n\t\t\t\t\t<span class=\"elementor-post-date\">\n\t\t\t4 julio 2022\t\t<\/span>\n\t\t\t\t<\/div>\n\t\t\t\t<div class=\"elementor-post__excerpt\">\n\t\t\t\t\t<\/div>\n\t\t\n\t\t<a class=\"elementor-post__read-more\" href=\"https:\/\/stsg.fr\/es\/segundo-y-tercero-de-primaria-en-sede-para-una-jornada-deportiva\/\" aria-label=\"M\u00e1s informaci\u00f3n sobre \u00a1Segundo y tercero de primaria en S\u00e8de para una jornada deportiva!\" tabindex=\"-1\" >\n\t\t\tLeer mas \u00bb\t\t<\/a>\n\n\t\t\t\t<\/div>\n\t\t\t\t<\/article>\n\t\t\t\t<article class=\"elementor-post elementor-grid-item post-228296 post type-post status-publish format-standard hentry category-noticias\" role=\"listitem\">\n\t\t\t\t<div class=\"elementor-post__text\">\n\t\t\t\t<h3 class=\"elementor-post__title\">\n\t\t\t<a href=\"https:\/\/stsg.fr\/es\/el-espacio-mola-el-egg-challenge\/\" >\n\t\t\t\t\u00a1El Espacio mola! &gt;&gt;el Egg challenge\t\t\t<\/a>\n\t\t<\/h3>\n\t\t\t\t<div class=\"elementor-post__meta-data\">\n\t\t\t\t\t<span class=\"elementor-post-date\">\n\t\t\t28 junio 2022\t\t<\/span>\n\t\t\t\t<\/div>\n\t\t\t\t<div class=\"elementor-post__excerpt\">\n\t\t\t<p>En el marco de la operaci\u00f3n El espacio es clase, M Hugo GONZ\u00c1LEZ ingeniero en el CNES intervino ante las clases de 6\u00b0Primaria : lanzamiento de cohetes, planetas.<\/p>\n\t\t<\/div>\n\t\t\n\t\t<a class=\"elementor-post__read-more\" href=\"https:\/\/stsg.fr\/es\/el-espacio-mola-el-egg-challenge\/\" aria-label=\"M\u00e1s informaci\u00f3n sobre \u00a1El Espacio mola! &gt;&gt;el Egg challenge\" tabindex=\"-1\" >\n\t\t\tLeer mas \u00bb\t\t<\/a>\n\n\t\t\t\t<\/div>\n\t\t\t\t<\/article>\n\t\t\t\t<\/div>\n\t\t\n\t\t\t\t\t\t<\/div>\n\t\t\t\t<\/div>\n\t\t\t\t\t<\/div>\n\t\t<\/div>\n\t\t\t\t\t<\/div>\n\t\t<\/section>\n\t\t\t\t<\/div>\n\t\t","protected":false},"excerpt":{"rendered":"","protected":false},"author":4,"featured_media":0,"parent":0,"menu_order":0,"comment_status":"closed","ping_status":"closed","template":"","meta":{"footnotes":""},"class_list":["post-228408","page","type-page","status-publish","hentry"],"aioseo_notices":[],"_links":{"self":[{"href":"https:\/\/stsg.fr\/es\/wp-json\/wp\/v2\/pages\/228408","targetHints":{"allow":["GET"]}}],"collection":[{"href":"https:\/\/stsg.fr\/es\/wp-json\/wp\/v2\/pages"}],"about":[{"href":"https:\/\/stsg.fr\/es\/wp-json\/wp\/v2\/types\/page"}],"author":[{"embeddable":true,"href":"https:\/\/stsg.fr\/es\/wp-json\/wp\/v2\/users\/4"}],"replies":[{"embeddable":true,"href":"https:\/\/stsg.fr\/es\/wp-json\/wp\/v2\/comments?post=228408"}],"version-history":[{"count":2,"href":"https:\/\/stsg.fr\/es\/wp-json\/wp\/v2\/pages\/228408\/revisions"}],"predecessor-version":[{"id":228412,"href":"https:\/\/stsg.fr\/es\/wp-json\/wp\/v2\/pages\/228408\/revisions\/228412"}],"wp:attachment":[{"href":"https:\/\/stsg.fr\/es\/wp-json\/wp\/v2\/media?parent=228408"}],"curies":[{"name":"wp","href":"https:\/\/api.w.org\/{rel}","templated":true}]}}

<div data-elementor-type="wp-page" data-elementor-id="228408" class="elementor elementor-228408 elementor-1047" data-elementor-post-type="page">
						<section class="elementor-section elementor-top-section elementor-element elementor-element-7727cbc elementor-section-boxed elementor-section-height-default elementor-section-height-default" data-id="7727cbc" data-element_type="section" data-e-type="section">
						<div class="elementor-container elementor-column-gap-default">
					<div class="elementor-column elementor-col-100 elementor-top-column elementor-element elementor-element-7cd1662" data-id="7cd1662" data-element_type="column" data-e-type="column">
			<div class="elementor-widget-wrap elementor-element-populated">
						<div class="elementor-element elementor-element-43d9488 elementor-grid-3 elementor-grid-tablet-2 elementor-grid-mobile-1 elementor-posts--thumbnail-top elementor-widget elementor-widget-posts" data-id="43d9488" data-element_type="widget" data-e-type="widget" data-settings="{&quot;pagination_type&quot;:&quot;numbers&quot;,&quot;classic_columns&quot;:&quot;3&quot;,&quot;classic_columns_tablet&quot;:&quot;2&quot;,&quot;classic_columns_mobile&quot;:&quot;1&quot;,&quot;classic_row_gap&quot;:{&quot;unit&quot;:&quot;px&quot;,&quot;size&quot;:35,&quot;sizes&quot;:[]},&quot;classic_row_gap_tablet&quot;:{&quot;unit&quot;:&quot;px&quot;,&quot;size&quot;:&quot;&quot;,&quot;sizes&quot;:[]},&quot;classic_row_gap_mobile&quot;:{&quot;unit&quot;:&quot;px&quot;,&quot;size&quot;:&quot;&quot;,&quot;sizes&quot;:[]}}" data-widget_type="posts.classic">
				<div class="elementor-widget-container">
							<div class="elementor-posts-container elementor-posts elementor-posts--skin-classic elementor-grid" role="list">
				<article class="elementor-post elementor-grid-item post-228297 post type-post status-publish format-standard has-post-thumbnail hentry category-noticias" role="listitem">
				<a class="elementor-post__thumbnail__link" href="https://stsg.fr/es/pequenos-cantantes-en-la-cruz-de-madera-excepcional/" tabindex="-1" >
			<div class="elementor-post__thumbnail"><img fetchpriority="high" decoding="async" width="212" height="300" src="https://stsg.fr/wp-content/uploads/2022/11/PCCB-Communication-familles_page-0001-212x300.jpg" class="attachment-medium size-medium wp-image-227539" alt="" srcset="https://stsg.fr/wp-content/uploads/2022/11/PCCB-Communication-familles_page-0001-212x300.jpg 212w, https://stsg.fr/wp-content/uploads/2022/11/PCCB-Communication-familles_page-0001-724x1024.jpg 724w, https://stsg.fr/wp-content/uploads/2022/11/PCCB-Communication-familles_page-0001-768x1086.jpg 768w, https://stsg.fr/wp-content/uploads/2022/11/PCCB-Communication-familles_page-0001-1086x1536.jpg 1086w, https://stsg.fr/wp-content/uploads/2022/11/PCCB-Communication-familles_page-0001.jpg 1241w" sizes="(max-width: 212px) 100vw, 212px" /></div>
		</a>
				<div class="elementor-post__text">
				<h3 class="elementor-post__title">
			<a href="https://stsg.fr/es/pequenos-cantantes-en-la-cruz-de-madera-excepcional/" >
				¡Pequeños cantantes en la cruz de madera! ¡Excepcional!			</a>
		</h3>
				<div class="elementor-post__meta-data">
					<span class="elementor-post-date">
			29 noviembre 2022		</span>
				</div>
				<div class="elementor-post__excerpt">
					</div>
		
		<a class="elementor-post__read-more" href="https://stsg.fr/es/pequenos-cantantes-en-la-cruz-de-madera-excepcional/" aria-label="Más información sobre ¡Pequeños cantantes en la cruz de madera! ¡Excepcional!" tabindex="-1" >
			Leer mas »		</a>

				</div>
				</article>
				<article class="elementor-post elementor-grid-item post-228294 post type-post status-publish format-standard has-post-thumbnail hentry category-noticias" role="listitem">
				<a class="elementor-post__thumbnail__link" href="https://stsg.fr/es/primer-entrenamiento-de-la-asociacion-deportiva/" tabindex="-1" >
			<div class="elementor-post__thumbnail"><img decoding="async" width="300" height="225" src="https://stsg.fr/wp-content/uploads/2022/09/IMG_1885-300x225.jpg" class="attachment-medium size-medium wp-image-227521" alt="" srcset="https://stsg.fr/wp-content/uploads/2022/09/IMG_1885-300x225.jpg 300w, https://stsg.fr/wp-content/uploads/2022/09/IMG_1885-1024x768.jpg 1024w, https://stsg.fr/wp-content/uploads/2022/09/IMG_1885-768x576.jpg 768w, https://stsg.fr/wp-content/uploads/2022/09/IMG_1885-1536x1152.jpg 1536w, https://stsg.fr/wp-content/uploads/2022/09/IMG_1885-2048x1536.jpg 2048w, https://stsg.fr/wp-content/uploads/2022/09/IMG_1885-154x116.jpg 154w, https://stsg.fr/wp-content/uploads/2022/09/IMG_1885-360x270.jpg 360w" sizes="(max-width: 300px) 100vw, 300px" /></div>
		</a>
				<div class="elementor-post__text">
				<h3 class="elementor-post__title">
			<a href="https://stsg.fr/es/primer-entrenamiento-de-la-asociacion-deportiva/" >
				Primer entrenamiento de la asociación deportiva			</a>
		</h3>
				<div class="elementor-post__meta-data">
					<span class="elementor-post-date">
			15 septiembre 2022		</span>
				</div>
				<div class="elementor-post__excerpt">
			<p>Primer entrenamiento de los alumnos en la asociación deportiva que comienza este miércoles 14 de septiembre. Felicitaciones por su compromiso y esperamos verlos más numerosos el próximo miércoles</p>
		</div>
		
		<a class="elementor-post__read-more" href="https://stsg.fr/es/primer-entrenamiento-de-la-asociacion-deportiva/" aria-label="Más información sobre Primer entrenamiento de la asociación deportiva" tabindex="-1" >
			Leer mas »		</a>

				</div>
				</article>
				<article class="elementor-post elementor-grid-item post-228295 post type-post status-publish format-standard has-post-thumbnail hentry category-noticias" role="listitem">
				<a class="elementor-post__thumbnail__link" href="https://stsg.fr/es/segundo-y-tercero-de-primaria-en-sede-para-una-jornada-deportiva/" tabindex="-1" >
			<div class="elementor-post__thumbnail"><img decoding="async" width="225" height="300" src="https://stsg.fr/wp-content/uploads/2022/07/5-225x300.jpg" class="attachment-medium size-medium wp-image-227475" alt="" srcset="https://stsg.fr/wp-content/uploads/2022/07/5-225x300.jpg 225w, https://stsg.fr/wp-content/uploads/2022/07/5.jpg 480w" sizes="(max-width: 225px) 100vw, 225px" /></div>
		</a>
				<div class="elementor-post__text">
				<h3 class="elementor-post__title">
			<a href="https://stsg.fr/es/segundo-y-tercero-de-primaria-en-sede-para-una-jornada-deportiva/" >
				¡Segundo y tercero de primaria en Sède para una jornada deportiva!			</a>
		</h3>
				<div class="elementor-post__meta-data">
					<span class="elementor-post-date">
			4 julio 2022		</span>
				</div>
				<div class="elementor-post__excerpt">
					</div>
		
		<a class="elementor-post__read-more" href="https://stsg.fr/es/segundo-y-tercero-de-primaria-en-sede-para-una-jornada-deportiva/" aria-label="Más información sobre ¡Segundo y tercero de primaria en Sède para una jornada deportiva!" tabindex="-1" >
			Leer mas »		</a>

				</div>
				</article>
				<article class="elementor-post elementor-grid-item post-228296 post type-post status-publish format-standard hentry category-noticias" role="listitem">
				<div class="elementor-post__text">
				<h3 class="elementor-post__title">
			<a href="https://stsg.fr/es/el-espacio-mola-el-egg-challenge/" >
				¡El Espacio mola! &gt;&gt;el Egg challenge			</a>
		</h3>
				<div class="elementor-post__meta-data">
					<span class="elementor-post-date">
			28 junio 2022		</span>
				</div>
				<div class="elementor-post__excerpt">
			<p>En el marco de la operación El espacio es clase, M Hugo GONZÁLEZ ingeniero en el CNES intervino ante las clases de 6°Primaria : lanzamiento de cohetes, planetas.</p>
		</div>
		
		<a class="elementor-post__read-more" href="https://stsg.fr/es/el-espacio-mola-el-egg-challenge/" aria-label="Más información sobre ¡El Espacio mola! &gt;&gt;el Egg challenge" tabindex="-1" >
			Leer mas »		</a>

				</div>
				</article>
				</div>
		
						</div>
				</div>
					</div>
		</div>
					</div>
		</section>
				</div>
